 8831/5 - (4 + (-76)/20). Suppose 3*j = -4*g - 175 + 3707, 0 = -2*g + j + b. Is g a prime number?
True
Suppose 46831 = 4*y + 10723. Suppose 7220 = -2*f + 6*f + 4*d, 5*f + 4*d - y = 0. Is f a prime number?
False
Let r = 7 + -5. Suppose -7*g + r*g + 10 = 0. Is (-656)/g*-1 + 3 a prime number?
True
Let f = 9 - 6. Suppose 27 = -f*p + 171. Let z = p - -7. Is z a prime number?
False
Let y(q) = 15*q**2 - 7*q + 3. Is y(-14) a prime number?
True
Is (-100850)/(-18) + 7*(-30)/(-945) composite?
True
Let k = -3097 + 5226. Is k a composite number?
False
Suppose 17*z - 16*z - 719 = 0. Is z prime?
True
Suppose 11*m = 66695 + 174678. Is m a composite number?
False
Let g = 4332 - 2366. Is g prime?
False
Let u(i) = -185*i - 56. Is u(-25) composite?
True
Is (25004 + -7)/(0/(-1) + 1) a composite number?
True
Is (-26892)/(-27) + (-2 - -4) a prime number?
False
Let y be (-9716)/(-14) + 3*-1. Suppose 1601 = 4*c - y. Is c prime?
False
Is 60/(-12) + 1471 + (-1)/1 a composite number?
True
Let q be (13 + -13)/((1 - 1) + 2). Suppose -5*y + 14997 + 8068 = q. Is y prime?
False
Let u(a) = 1150*a**2 - a. Is u(-1) prime?
True
Suppose 5*v + 3065 - 36177 = -4*y, 0 = -4*y - v + 33112. Is y a composite number?
True
Let p be (9/(-18))/((-2)/4). Suppose -3*f - 134 = -q, 0 = -4*f - p - 19. Is q a composite number?
True
Let q(l) = -84*l - 3. Let u(n) = 42*n + 2. Let x(g) = 3*q(g) + 5*u(g). Is x(-6) a composite number?
True
Let q = -9196 + 13593. Is q composite?
False
Let r(k) = -14*k - 1. Let z = -36 + 53. Suppose 4*q = -z - 15. Is r(q) composite?
True
Let h(t) = 247*t**2 + 7*t - 1. Suppose 20 = -14*j + 18*j. Is h(j) a composite number?
True
Let d be ((-2)/2)/(1/709). Let s = -182 - -1376. Let a = d + s. Is a prime?
False
Suppose 3*k = -5*v + 22 - 0, 2*k - 2*v + 12 = 0. Is 8186/3 - k*(-2)/(-6) a composite number?
False
Let v(y) = 26*y**2 + 12*y + 3. Is v(7) a prime number?
True
Let m be 1/(10/36) - 4/(-10). Suppose m*i + 2822 = 5*k, 2*i = 5*k - i - 2819. Is k composite?
True
Let l be (12/10)/(21/700). Suppose -l*n + 43*n - 111 = 0. Is n prime?
True
Let q(r) = 198*r**3 - 2*r**2 + 1. Suppose 0 = 6*c - 2*c + 4. Let p be q(c). Is 3 + -4 + (3 - p) composite?
True
Suppose -4*z + 37 = -q, z - 5*q - 6 - 8 = 0. Is (-2)/(z/(981/(-2))) composite?
False
Let j = -67219 + 107222. Is j prime?
False
Let f = -14 - -22. Let a(y) = 3*y**3 - 19*y**2 - 4*y + 10. Is a(f) a prime number?
False
Suppose -t - 15*h + 12*h + 710 = 0, 5*t - 5*h = 3490. Is t a prime number?
True
Suppose 112 = 4*k + 2*w - 62, 4*w = -3*k + 123. Let p = 230 - k. Is p composite?
True
Let d(j) = j**3 - 3*j**2 - j + 3. Suppose n + 3*n = 12. Let v be d(n). Is (4 - 7) + v + 28 composite?
True
Is 8 + 132/(-12) + 60776 prime?
True
Suppose 3*d = 5*d - 1722. Is (-2)/((-12)/d)*2 prime?
False
Suppose 83*d + 49871 = 84*d. Is d a prime number?
True
Let g(u) = -u + 9. Let i be g(4). Suppose i*q = 6*q. Suppose q = -5*n - r + 17, -n + r = -3*n + 8. Is n composite?
False
Let w = -602 - -2011. Is w a composite number?
False
Suppose -2105 = 5*k + t + 27110, k - 3*t = -5843. Is (-2)/9 - k/9 composite?
True
Let m be 8/10*(3 - 8). Suppose 95 = -12*g + 23. Is g/(-2) + (-1312)/m prime?
True
Let g(n) = -n + 380. Suppose -4*f = -4*y + 4, y + 2*f = -3*f - 5. Let d be g(y). Let s = d - -63. Is s a composite number?
False
Is 2/6*((2 - 1) + 39926) a prime number?
True
Let d = -178 + 927. Suppose 2*n - d = 719. Let i = n - 81. Is i composite?
False
Suppose -12*f = -7*f - 3*c - 25763, -4*c = -f + 5139. Is f composite?
True
Let g be 46*(1 + -4 + 2). Suppose 0 = -7*w + 2*w - 340. Let n = g - w. Is n a composite number?
True
Let d(m) = -m + 7. Let l be d(5). Let z be (-1 - 2) + (12 - l). Suppose u + z = 110. Is u prime?
True
Suppose -4*p - p = 15. Let g be (-2)/(p/(-57)*-1). Is g*85/10*1 a composite number?
True
Is (-1)/((42/(-3465))/((-2)/(-3))) a prime number?
False
Let n(v) = 8564*v**3 - 2*v**2 - 5*v + 6. Is n(1) a prime number?
True
Let m = -28991 - -63440. Is m composite?
True
Suppose -15*g + 19*g = 20. Suppose 2*t + 0*u + u = 5039, 12587 = g*t - u. Is t composite?
True
Suppose -7 + 5 = -b. Is (-4 + b)*-113 + -3 composite?
False
Suppose 5*k + 4*k = -36. Let f = 217 - k. Is f prime?
False
Suppose -8 = 2*o + 2*o. Is (-236*o/4)/2 composite?
False
Suppose -68452 - 1817 = -59*v. Is v a prime number?
False
Let n = 164 + 498. Is n a prime number?
False
Let v(t) = t**3 + 4*t**2 + 3*t + 2. Let k be v(-3). Suppose 3*q + k*q = 0. Suppose q = -4*u - 3*y + 929, -u + 4*y + 0*y = -237. Is u a composite number?
False
Suppose 3*j - 48 = -9. Let n(p) be the first derivative of -p**4/4 + 14*p**3/3 + 5*p**2/2 + 17*p + 14. Is n(j) a composite number?
False
Let i = 14 + -13. Let x be i/(1 - 1/2). Let c(t) = 12*t**2 + 3*t - 3. Is c(x) a prime number?
False
Let c be (1 - (-4 + 2))/1. Suppose -m + 619 = -5*f + 4*f, -2*m = c*f - 1258. Is m a prime number?
False
Suppose 3*c + 3*p + 9996 = 0, c = 3*p - 5*p - 3335. Let b = -1312 - c. Is b prime?
True
Suppose -37*d + 55*d - 710982 = 0. Is d composite?
False
Let f(q) = 7*q - 22. Suppose 0 = -0*a + 2*a - 34. Is f(a) a prime number?
True
Suppose -102 = b - 642. Let v = 1211 - b. Is v a composite number?
True
Let l(s) = 2932*s - 261. Is l(4) composite?
False
Is -2*(-3)/((-12)/(-57034)) + -4 prime?
True
Let d(f) = -3*f**2 + 9*f - 8. Let a be d(-8). Is 1/(-1 + a/(-268)) a prime number?
True
Suppose 16 + 8 = 4*b. Let p be -3 + (2 - b) - 1. Let f = p + 30. Is f a prime number?
False
Suppose 0 = -r - 2*r + 90. Suppose 0 = -r*n + 28*n. Suppose 2*i - 5*i + 1941 = n. Is i a composite number?
False
Let g be ((-10)/(-20))/(1/130). Let c = -36 + g. Let w = 57 + c. Is w a composite number?
True
Let r(h) = 184*h - 1. Let z be r(2). Suppose 1698 + z = 3*k + 2*a, 8 = -2*a. Is k a composite number?
False
Let t(j) = 2*j**3 + j**2 - 14*j - 77. Is t(16) prime?
True
Suppose 0 = 6*b - 4*b + 4*m - 20750, m = b - 10369. Is b a composite number?
True
Suppose 3*x - 2*l - 15649 = 0, 5*l - 5 = -0*l. Let m = -2758 + x. Is m a composite number?
False
Let l = -14693 - -40539. Is l prime?
False
Is 2/(-7) + (73450/35)/2 prime?
True
Is ((-9 - -7) + 4)*(-6247)/(-2) a composite number?
False
Let s(a) = -7*a**3 + 35*a**2 + 41*a - 103. Is s(-26) a prime number?
False
Let y be 0 - (-12)/(2 + 1). Suppose -358 - 2189 = -3*k + y*b, -2*b = -6. Is k a composite number?
False
Let f(x) = -623*x + 12. Is f(-1) a prime number?
False
Suppose 26*y = 104*y - 1105806. Is y a composite number?
False
Suppose 4*z + 1085 = 3*j, 5*z + 1800 = 5*j - 0*z. Is j prime?
False
Suppose 3*z + 23 = -4*o + 2, z - 4*o = -23. Let b(r) = -16*r + 3. Let l be b(z). Suppose 5*d = 4*a - l, -3*a - d = -a - 93. Is a composite?
True
Let i be (-15)/(10/2) - -7. Suppose -i*q + 473 = 117. Is q a composite number?
False
Suppose -2*s + 2*d = 2*s + 16, -4*d = -5*s - 20. Is 922 + 3 + (s - 0) prime?
False
Suppose 3*u - 1171 - 596 = -i, -5*u - 5301 = -3*i. Let h = i + -964. Is h a prime number?
False
Let m = 11649 - 7737. Suppose 0*b = -8*b + m. Is b a composite number?
True
Is (-10108)/(-70) + (-15)/(-25) a composite number?
True
Suppose -2*l + 18765 = 5*d - 1112, -3*l + 3*d + 29826 = 0. Is l a composite number?
False
Let j = -15 + 20. Suppose -j*h - 8 = -2498. Suppose 2*k - 337 = 3*z, -3*k + z + h = -2*z. Is k composite?
True
Let r(l) be the second derivative of 0 + 1/12*l**4 + 1/2*l**2 - 29/20*l**5 + 7*l - 1/6*l**3. Is r(-2) a prime number?
True
Let n = 79 + -75. Suppose s = -5*i + 738, -2*s - 2*i = -n*i - 1488. Is s composite?
False
Let g be 3 + (14 - 3 - 2). Suppose 5*u + 2*x = 6899, -5*x - g - 3 = 0. Is u prime?
True
Let k(q) = q**3 - 8*q**2 + 9*q - 11. Let u(w) = w**2 + 9*w - 15. Let r be u(-11). Let i be k(r). Is 2/(-6*i/(-783)) a prime number?
False
Let d(m) be the second derivative of m**5/20 + m**4/2 - 4*m**3/3 - m**2 + 17*m. Is d(6) a composite number?
True
Is -9489*(1335/(-855) + 6/(-57)) prime?
False
Let k = 4648 - -759. Is k a prime number?
True
Let w = 80644 + -52991. Is w prime?
True
Let h(o) = 26*o - 16. Let s be h(10). Let a = s + -66. Is a a prime number?
False
Let s = 4628 + -3129. Is s composite?
False
Let m be (-2 + -722)*-1*(-3)/(-6). Let t = m - 64. Is t a composite number?
True
Suppose 49836 = 4*b + 6*d - 8*d, 0 = d. Is b a prime number?
False
Let t be 0*(-3)/(-9) - 0. Suppose t*g = 3*g. Is g + 200 - 